{"id":7959,"date":"2024-01-23T11:51:09","date_gmt":"2024-01-23T10:51:09","guid":{"rendered":"https:\/\/www.finanzen.net\/ratgeber\/?page_id=7959"},"modified":"2026-02-26T14:57:05","modified_gmt":"2026-02-26T13:57:05","slug":"404-fehlerseite","status":"publish","type":"page","link":"https:\/\/www.finanzen.net\/ratgeber\/404-fehlerseite\/","title":{"rendered":"404-Fehler"},"content":{"rendered":"\n<div class=\"container\">\n    <div class=\"header\">\n        <div class=\"header__image\">\n                            <img decoding=\"async\" src=\"https:\/\/www.finanzen.net\/ratgeber\/wp-content\/uploads\/2024\/01\/shutterstock_2068423715-PhotoRoom.jpg\">\n                    <\/div>\n        <div class=\"header__text\">\n                            <h1 class=\"headline headline--h1 header__headline\">\n                    Oh nein &#8211; hier ist was falsch gelaufen!                <\/h1>\n                                        <div class=\"header__excerpt flow-content\">\n                    <p>Die von Dir aufgerufene URL gibt es leider nicht.<\/p>\n<p>Du m\u00f6chtest uns diesen Fehler mitteilen? Das finden wir nat\u00fcrlich spitze. Schreib&#8216; uns einfach \u00fcber das <a href=\"https:\/\/www.finanzen.net\/kontakt\">Kontaktformular<\/a>.<\/p>\n                <\/div>\n                    <\/div>\n    <\/div>\n<\/div>\n","protected":false},"excerpt":{"rendered":"","protected":false},"author":16,"featured_media":0,"parent":0,"menu_order":0,"comment_status":"closed","ping_status":"closed","template":"","meta":{"_acf_changed":false,"footnotes":""},"class_list":["post-7959","page","type-page","status-publish","hentry"],"acf":[],"yoast_head":"<title>404-Fehler<\/title>\n<meta name=\"robots\" content=\"index, follow, max-snippet:-1, max-image-preview:large, max-video-preview:-1\" \/>\n<link rel=\"canonical\" href=\"https:\/\/www.finanzen.net\/ratgeber\/404-fehlerseite\/\" \/>\n<meta property=\"og:locale\" content=\"de_DE\" \/>\n<meta property=\"og:type\" content=\"article\" \/>\n<meta property=\"og:title\" content=\"404-Fehler\" \/>\n<meta property=\"og:url\" content=\"https:\/\/www.finanzen.net\/ratgeber\/404-fehlerseite\/\" \/>\n<meta property=\"og:site_name\" content=\"Finanzen.net Ratgeber: Finanzwissen, das dich weiterbringt\" \/>\n<meta property=\"article:modified_time\" content=\"2026-02-26T13:57:05+00:00\" \/>\n<meta name=\"twitter:card\" content=\"summary_large_image\" \/>","yoast_head_json":{"title":"404-Fehler","robots":{"index":"index","follow":"follow","max-snippet":"max-snippet:-1","max-image-preview":"max-image-preview:large","max-video-preview":"max-video-preview:-1"},"canonical":"https:\/\/www.finanzen.net\/ratgeber\/404-fehlerseite\/","og_locale":"de_DE","og_type":"article","og_title":"404-Fehler","og_url":"https:\/\/www.finanzen.net\/ratgeber\/404-fehlerseite\/","og_site_name":"Finanzen.net Ratgeber: Finanzwissen, das dich weiterbringt","article_modified_time":"2026-02-26T13:57:05+00:00","twitter_card":"summary_large_image","schema":{"@context":"https:\/\/schema.org","@graph":[{"@type":"Article","@id":"https:\/\/www.finanzen.net\/ratgeber\/404-fehlerseite\/#article","isPartOf":{"@id":"https:\/\/www.finanzen.net\/ratgeber\/404-fehlerseite\/"},"author":{"name":"Redaktion Ratgeber","@id":"https:\/\/www.finanzen.net\/ratgeber\/#\/schema\/person\/7de2b54939f007854918b2e05989b109"},"headline":"404-Fehler","datePublished":"2024-01-23T10:51:09+00:00","dateModified":"2026-02-26T13:57:05+00:00","mainEntityOfPage":{"@id":"https:\/\/www.finanzen.net\/ratgeber\/404-fehlerseite\/"},"wordCount":37,"inLanguage":"de"},{"@type":["WebPage","ItemPage"],"@id":"https:\/\/www.finanzen.net\/ratgeber\/404-fehlerseite\/","url":"https:\/\/www.finanzen.net\/ratgeber\/404-fehlerseite\/","name":"404-Fehler","isPartOf":{"@id":"https:\/\/www.finanzen.net\/ratgeber\/#website"},"datePublished":"2024-01-23T10:51:09+00:00","dateModified":"2026-02-26T13:57:05+00:00","breadcrumb":{"@id":"https:\/\/www.finanzen.net\/ratgeber\/404-fehlerseite\/#breadcrumb"},"inLanguage":"de","potentialAction":[{"@type":"ReadAction","target":["https:\/\/www.finanzen.net\/ratgeber\/404-fehlerseite\/"]}]},{"@type":"BreadcrumbList","@id":"https:\/\/www.finanzen.net\/ratgeber\/404-fehlerseite\/#breadcrumb","itemListElement":[{"@type":"ListItem","position":1,"name":"Startseite","item":"https:\/\/www.finanzen.net\/ratgeber\/"},{"@type":"ListItem","position":2,"name":"404-Fehler"}]},{"@type":"WebSite","@id":"https:\/\/www.finanzen.net\/ratgeber\/#website","url":"https:\/\/www.finanzen.net\/ratgeber\/","name":"Finanzen.net Ratgeber - Die Ganze Welt der Finanzen","description":"","potentialAction":[{"@type":"SearchAction","target":{"@type":"EntryPoint","urlTemplate":"https:\/\/www.finanzen.net\/ratgeber\/?s={search_term_string}"},"query-input":{"@type":"PropertyValueSpecification","valueRequired":true,"valueName":"search_term_string"}}],"inLanguage":"de"},{"@type":"Person","@id":"https:\/\/www.finanzen.net\/ratgeber\/#\/schema\/person\/7de2b54939f007854918b2e05989b109","name":"Redaktion Ratgeber","image":{"@type":"ImageObject","inLanguage":"de","@id":"https:\/\/www.finanzen.net\/ratgeber\/wp-content\/uploads\/2024\/01\/image-6-150x150.png","url":"https:\/\/www.finanzen.net\/ratgeber\/wp-content\/uploads\/2024\/01\/image-6-150x150.png","contentUrl":"https:\/\/www.finanzen.net\/ratgeber\/wp-content\/uploads\/2024\/01\/image-6-150x150.png","caption":"Redaktion Ratgeber"},"url":"https:\/\/www.finanzen.net\/ratgeber\/author\/team-ratgeber\/"}]}},"_links":{"self":[{"href":"https:\/\/www.finanzen.net\/ratgeber\/wp-json\/wp\/v2\/pages\/7959","targetHints":{"allow":["GET"]}}],"collection":[{"href":"https:\/\/www.finanzen.net\/ratgeber\/wp-json\/wp\/v2\/pages"}],"about":[{"href":"https:\/\/www.finanzen.net\/ratgeber\/wp-json\/wp\/v2\/types\/page"}],"author":[{"embeddable":true,"href":"https:\/\/www.finanzen.net\/ratgeber\/wp-json\/wp\/v2\/users\/16"}],"replies":[{"embeddable":true,"href":"https:\/\/www.finanzen.net\/ratgeber\/wp-json\/wp\/v2\/comments?post=7959"}],"version-history":[{"count":6,"href":"https:\/\/www.finanzen.net\/ratgeber\/wp-json\/wp\/v2\/pages\/7959\/revisions"}],"predecessor-version":[{"id":17596,"href":"https:\/\/www.finanzen.net\/ratgeber\/wp-json\/wp\/v2\/pages\/7959\/revisions\/17596"}],"wp:attachment":[{"href":"https:\/\/www.finanzen.net\/ratgeber\/wp-json\/wp\/v2\/media?parent=7959"}],"curies":[{"name":"wp","href":"https:\/\/api.w.org\/{rel}","templated":true}]}}